se -3*d + 3 = -0. Let x(n) = 8*n - 1. Is x(d) a composite number?
False
Is (-545)/10*-2*1 composite?
False
Let j be (8/12)/(4/6). Let h(g) = 39*g**3 - 3*g + 2. Is h(j) composite?
True
Let a(q) = -q**2 - 13*q - 18. Let j be a(-12). Let s(f) = -1. Let v(c) = 29*c + 7. Let z(y) = j*s(y) - v(y). Is z(-2) a prime number?
False
Let h = 8 - 4. Suppose -h*r = 1 + 3, -3*c + 4*r + 445 = 0. Is -2 + (-2)/((-6)/c) prime?
True
Suppose d + 32 = 3*y, -3*d + 3*y = -0*d + 66. Let q = d - -28. Is q composite?
False
Suppose 11 = 3*s + 4*j, s + 4*j - 6 = 5*j. Let b(k) = 14*k + 1. Is b(s) a prime number?
True
Suppose -9 = 3*q, 604 = 5*c - 4*c + 3*q. Is c a composite number?
False
Is (4/(-8))/(3/(-18)) composite?
False
Let h be (-4 + 66/21)*-7. Suppose -h*n + 7*n = 397. Is n prime?
True
Let g(a) = 7*a**2 + a. Let f be g(-1). Suppose z + 745 = f*z. Is z a prime number?
True
Suppose 3*z + 159 = 5*d + 19, -5*z = -5*d + 140. Suppose 3*u + 2*m - 281 = 0, d = u + m - 64. Is u prime?
True
Let u(s) = 4*s**2 - s + 1. Suppose 4*b - 5*q - 2 = 0, -4*b + q = 2*q - 14. Is u(b) composite?
True
Let p(d) = 26*d**3 - d**2 + d - 1. Let u = -2 - 1. Let i(g) = -g**2 - 2*g + 4. Let o be i(u). Is p(o) a prime number?
False
Suppose 0 = -5*w + 4*n - 6, -2*w + 2*n = -0*n + 2. Let f = w - -6. Is 159/2 + (-2)/f prime?
True
Let f = 14 + -14. Suppose -3*v = 2*s - 1259, -3*v + 6*v + 5*s - 1262 = f. Is v composite?
False
Let t(b) = -b**3 + 12*b**2 - 13*b + 1. Is t(4) prime?
False
Suppose -3*q = -2*o - 173 - 229, -1005 = 5*o + 5*q. Let t be -3 + 0 + 3 - o. Suppose 2*v = -v + t. Is v a composite number?
False
Suppose 0 = -n - 3*n + 44. Let q = n - -14. Is q a composite number?
True
Suppose 6*w - w = 170. Let d = w - 20. Is d composite?
True
Suppose -2*d + 107 = -483. Is d composite?
True
Suppose 2*t - 17311 = -5*t. Is t a prime number?
True
Let r = -4 - -1. Let y(k) = 41*k**2 + 2*k - 2. Let v be y(r). Suppose -147 = -4*w + v. Is w a prime number?
True
Suppose -3*c - 3*f = -300, -5*f + 94 = 2*c - 91. Let b = 562 - c. Suppose 5*t - 2*t - 2*m = b, -t - 3*m + 134 = 0. Is t a composite number?
False
Suppose p - 96 = -v + 2266, 3*p - v = 7082. Is p prime?
False
Let q(t) = -3*t - t - 3*t + 3. Let u be q(-3). Suppose -c = -m + u, -3*c - 39 = -2*m + 14. Is m a composite number?
False
Suppose 17 + 27 = 5*m - 4*o, 4*m - 60 = -3*o. Let i = m - -369. Is i prime?
False
Suppose 0 = b + 8. Let z = b + 23. Suppose -2*v = -6*v + w + z, -3*v - 2*w + 14 = 0. Is v prime?
False
Let l = 7 - 8. Is -2 - (-106)/(l + 3) a composite number?
True
Let z(c) = -208*c - 29. Is z(-6) a prime number?
False
Suppose -7*n = -3*n + 2*v + 8, 0 = 3*n + 4*v + 11. Let f(t) = 2*t**2 + t + 1. Let b be f(n). Is (b - 0)*(-669)/(-6) prime?
True
Suppose -5*h = -1200 - 1265. Is h composite?
True
Suppose 2*z = 1 - 3. Is z/(0 + 2/(-26)) a prime number?
True
Suppose -5*c - 6703 + 23648 = 0. Is c a prime number?
True
Let o be -4 - (2/(-1))/(-1). Is (1/3)/(o/(-342)) a composite number?
False
Suppose 0 = -a + 3 - 1. Let b be (a/4)/((-3)/(-24)). Suppose 0 = -3*j + b*n + 46 + 71, -2*j = -5*n - 71. Is j a prime number?
True
Let o = -446 + 2607. Is o a composite number?
False
Let f(g) = -g**3 + g**2 + 129. Let p be f(0). Let l(c) = c**3 - 13*c**2 - 9*c - 18. Let i be l(14). Let b = p - i. Is b composite?
True
Let z(j) = 19*j**3 + j**2 + j - 1. Let q = 21 + -19. Is z(q) composite?
False
Suppose -3*j - j = -500. Let l = -66 + j. Is l a prime number?
True
Let q(l) be the third derivative of -l**4/24 + 13*l**3/6 - 5*l**2. Is q(0) composite?
False
Suppose 4*q = 0, 3*j - q = j + 182. Is j a prime number?
False
Let c be ((-11)/(-2) - 3)*4. Let r be -3 - c/4*-2. Suppose -19 - 19 = -r*y. Is y a prime number?
True
Suppose 0 = 5*a - 4*a - 3. Suppose -g = -0 - 6. Let r = a + g. Is r a composite number?
True
Let q = -8 + 4. Let a be (-3 + 2)*-1*q. Is 18/a*(-4)/6 prime?
True
Let x(w) = 28*w - 6. Let i(n) = -9*n + 2. Let s(b) = 11*i(b) + 4*x(b). Suppose -2*j + 6 = 4*l, 3*l - 4*j = l + 18. Is s(l) composite?
False
Let g(l) = -l**3 + 2*l**2 + 4*l. Suppose 0 = 7*q - 2*q - 15. Let r be g(q). Suppose 0*p + 147 = r*p. Is p prime?
False
Let n = 6 + -3. Is 3*-5*(-2)/n a composite number?
True
Suppose m + 4*m - 385 = 0. Is m a composite number?
True
Suppose 0 = 2*i - 5*a - 611, 0 = 2*i + 2*a - 180 - 396. Is i prime?
True
Suppose 2*z - 4*o + o - 157 = 0, 4*o - 178 = -2*z. Is z a prime number?
True
Suppose 0*j = j + 3*b + 3, -3*j = -5*b - 19. Suppose -103 - 207 = -5*r. Suppose -l - r = -j*l. Is l a composite number?
False
Let w(s) = 9*s - 2. Let y be w(-3). Let a = y - -60. Is a composite?
False
Suppose 2*t = 4*t + 118. Let y be -3 - 12/(-3) - t. Suppose 3*g = q - 2*g - 24, -5*q + y = -5*g. Is q a prime number?
False
Suppose -2*d - 5*b = 558, -2*d - 517 = -b + 53. Let s = d - -583. Is s a prime number?
False
Let v be (7/(-21))/((-1)/3). Is 2/2*v - -18 prime?
True
Suppose -2*p + 15 = 3*p. Suppose -116 = -5*u + k, p*k - 45 = -5*u + 67. Is u composite?
False
Let m be 24/(-16)*(-20)/(-6). Let o(c) = 31*c**2 - 5*c + 4. Let p be o(m). Suppose 2*l - 20 = j + 301, 5*l - j = p. Is l a prime number?
False
Is (1/1)/((-7896)/(-2631) - 3) composite?
False
Let k(v) = -v**3 - 6*v**2 - 2*v - 2. Let r be k(-6). Suppose 0*b + 5*b = 3*g - 47, -4*b = g - r. Suppose 2*x = 2, n - 4*x = -2*n + g. Is n a prime number?
False
Let u(h) = h**3 + 12*h**2 + 6*h + 8. Is u(-7) a prime number?
True
Suppose 3*h + 2744 = 4*u + 1102, 2*u = 5*h + 2732. Let g = h - -1132. Suppose g - 31 = 5*i. Is i prime?
False
Suppose 2*g + g - 3*f - 9 = 0, 4*g = 2*f + 2. Let r(i) = 12*i**2 + i. Is r(g) a prime number?
False
Suppose 2*n = q + 6, 2 - 8 = -4*q - 2*n. Let k be -3 - (q - 0 - 1). Is (-30)/k*2/2 prime?
False
Suppose 0*f - 3*f + 12 = -5*d, 4*f - 16 = -3*d. Suppose d = -2*r - 2*r + 4, 3*r - 23 = -4*v. Suppose 64 = 4*b - v*l, b - 75 = -2*b - 3*l. Is b composite?
True
Let g(m) = 42*m - 25. Is g(13) a composite number?
False
Is 5/((-40)/1676)*-2 a prime number?
True
Let o be (-1 - 10/2) + -1. Let v be o/(-14)*82*5. Let s = v - -4. Is s composite?
True
Let h(a) = a**3 + 18*a**2 - 4*a + 31. Is h(-14) a prime number?
False
Suppose -1495 = -g - 4*g. Is g a prime number?
False
Let m(l) = 1563*l**2 + 10*l + 10. Is m(-1) prime?
False
Let t = 38 - -27. Suppose -3*m + 320 - t = 0. Is m a composite number?
True
Let d = 298 + -583. Let j = d - -487. Is j composite?
True
Let z(g) = g**3 + 6*g**2 - g - 1. Let x be z(-6). Let n be (-505)/(-10) - 1/2. Suppose 3*o = -2*f + 28, -x*f + f - 3*o = -n. Is f a composite number?
False
Suppose -a = 5*p - 2*a - 80, -a = -4*p + 63. Let u be 0 - (-1 - 0) - p. Let o = -2 - u. Is o prime?
False
Let d(v) = v**2 - 3*v - 1. Is d(11) a prime number?
False
Let f(o) = -3*o**3 - 3*o**2 - 2*o - 1. Let w(u) = u**3 - 8*u**2 + u - 10. Let y be w(8). Let n be f(y). Suppose 0 = -3*c - n + 36. Is c a prime number?
True
Let t = 455 + -222. Is t composite?
False
Let n = 306 + -103. Is n prime?
False
Let w = -7 - -8. Suppose 2*v = 5 - w. Suppose 2*g + 3*i - 100 = g, -355 = -3*g + v*i. Is g a prime number?
False
Let z be 0/(3 - (-1 + 2)). Suppose z = -2*j + 243 + 95. Suppose 5*u - 86 = 5*s + j, 220 = 4*u + 4*s. Is u prime?
True
Let c be 1/2 - 25/(-10). Suppose c*f = 357 + 114. Is f a prime number?
True
Let y(z) = 33*z**2 + 2*z - 2. Let b be (-2)/4*4 + 3. Is y(b) prime?
False
Let t(b) = 9*b**2 - 31*b - 7. Is t(-11) a prime number?
True
Let d be -1 - (1/1 + -5). Suppose -w + 29 = -2*q, d*w + 5*q - q = 57. Is w a composite number?
False
Suppose -o = 3*b - 155, 0 = 3*o - 5*b - 402 - 49. Suppose -5*k + o = -k. Is k/3 - 4/(-12) a composite number?
False
Let p = 189 + 698. Is p composite?
False
Let h be (-4)/(-3) - (-8)/12. Suppose u - 5*l - 44 = -0*u, 2*u = -h*l + 76. Suppose -2*i = i - u. Is i prime?
True
Let n(u) = -u**3 + 6*u**2 - 4*u - 3. Let j be n(5). Suppose j*h = -0*h - 8, 4*h - 384 = -4*k. Suppose 3*i - 29 = k. Is i composite?
False
Let r = 7209 - 3547. Is r a composite number?
True
Suppose 0 = -3*q - 8 + 17. Suppose t + 298 = q*t. Is t prime?
True
Let x be (9/6)/(1/2). Let h(i) = 3*i - 4. Let d be h(x). Suppose -d*b = 4*w - 83, w - 47 = -2*b - b. Is b a prime number?
False
Let n = -5 - -2. Let c = n + 5. Is (-2)/(1 - c) + 125 composite?
False
Let o = -3 - -13. Let d = o + -3. Is d prime?
True
Is ((-2712)/15 - -2)*10/(